at is the tens digit of r(9)?
2
Suppose 3*q + 0*h - 27 = -3*h, 5*h - 27 = -2*q. Suppose 0 - q = -3*f. What is the units digit of ((-8)/(-6))/(f/9)?
6
Suppose 3*m + 0*m = -5*i - 5, 3*m + 2*i - 7 = 0. Suppose -m*o = -10 + 5. What is the units digit of o?
1
Let m(t) = t**3 + 7*t**2 + 7*t + 8. Let w be m(-6). Suppose -2*q + 3*l + 2*l + 52 = 0, -2*q + 64 = -w*l. What is the units digit of q?
6
Let z(b) = 7*b + 6. What is the tens digit of z(5)?
4
Let g(t) = -6*t - 3*t - 1 + 2*t**2 + 12*t. What is the units digit of g(3)?
6
Let y = -5 - 3. Let j(t) = 11*t**2 + 24*t + 41. Let p(g) = 7*g**2 + 16*g + 27. Let w(n) = -5*j(n) + 8*p(n). What is the tens digit of w(y)?
1
Let z(j) = -j**2 - 11*j + 3. Let h be z(-8). Suppose n + 0*n = h. Let r = n + -14. What is the units digit of r?
3
Let l(x) = 2*x**3 - x**2 - 3*x. Let t be l(3). Suppose 0 = -3*k - 0*k + t. What is the units digit of k?
2
Suppose -5*j + 2*j - 6 = 0. Let m(p) = -p**3 + 4*p**2 + 2*p - 2. Let c be m(4). Let h = c - j. What is the units digit of h?
8
Let g be (10/(-15))/((-4)/18). Suppose q + y + 14 = g*q, -3*y + 14 = 2*q. What is the units digit of q?
7
Suppose 8*v - 4 = 7*v. Suppose 3*g - 5*g = -5*l + 56, v*l = 2*g + 46. What is the tens digit of l?
1
Suppose -443 = -4*i + 149. What is the tens digit of i?
4
Suppose 4*l - l = 27. Suppose -h = -0*h - l. What is the units digit of h?
9
Suppose -3*x = 2 - 14. Suppose 0 = -x*f - 3*b + 56, 4*f = 2*b + 44 - 8. What is the tens digit of f?
1
Let d(k) = -4*k - 3. What is the tens digit of d(-10)?
3
Suppose 16 = 3*y + 4. What is the units digit of y?
4
Suppose z = -5*l - z - 37, 8 = 2*z. Let w = 29 + l. Suppose -2*i = 6*k - 2*k - 14, -k = -5*i - w. What is the units digit of k?
5
Let f = -17 + 30. Suppose 0*s + s = f. What is the tens digit of s?
1
Let r be 216/99 - (-2)/(-11). Suppose 5*k + r = 77. What is the tens digit of k?
1
Let i = -1 - -5. What is the units digit of i/6 - (-16)/3?
6
Let h(k) = -k**3 + 11*k**2 - 9*k - 8. Let u be h(10). Suppose -c + 105 = 5*a + u*c, 4*c + 63 = 3*a. What is the units digit of a?
1
Suppose -3 = -f + 2. Suppose 2*t - f = -3. What is the units digit of t?
1
Let h(f) be the third derivative of -7/6*f**3 + 1/24*f**4 + 0*f - 2*f**2 + 0. What is the units digit of h(8)?
1
Let a(z) = -2*z - 6. Let g = 7 - 16. What is the tens digit of a(g)?
1
Let b(z) = -6*z + 1. Let h be b(-1). Let s(g) = g**3 - 8*g**2 + 8*g - 3. Let p be s(h). What is the units digit of ((-10)/(-4))/(1/p)?
0
Let m(d) = 4*d - 1. Let p be m(-1). Let y = p + 7. What is the units digit of y?
2
Suppose 16*l - 1830 = l. What is the tens digit of l?
2
Let j = 15 - -2. What is the tens digit of j?
1
Let h = 63 - -17. What is the units digit of h?
0
Let t be 2/10 - 11/5. Let g(k) = k**3 + 4*k**2 + 4*k + 2. Let c be g(t). Suppose -25 = -c*i - 3*i. What is the units digit of i?
5
Suppose -4*q = -2*q + 3*g - 21, -4*q + 27 = 3*g. Suppose 4*w + q = 3*w. Let o(a) = -a**3 - 4*a**2 - 5*a - 2. What is the units digit of o(w)?
4
Suppose -3*r - 2*r = 5*h - 55, 4*h + 6 = r. Suppose 5*l - 2*s + s - r = 0, 5*s = 0. What is the units digit of l?
2
Let y(m) = 2*m**2 + 10*m - 11. What is the units digit of y(-8)?
7
Let b be (1/(-2))/(1/(-6)). Suppose 5*a - 4*y = b, -3*y + 5*y = -5*a - 9. What is the units digit of -3*(a + -1)/2?
3
Let f(y) = -y**3 + 6*y**2 + 6*y. Let u be f(6). Suppose 4*l - u = l. What is the units digit of l?
2
Suppose 6*s + 231 - 1617 = 0. What is the units digit of s?
1
Suppose -v + 13 = -f, f - 6*v + v + 25 = 0. Let s = 10 + f. Suppose 19 = j + l, 3*j - 4*j + 5*l + 31 = s. What is the units digit of j?
1
Let l = 39 - 27. Suppose 3*j - l = -j. Suppose -j*n = n - 4. What is the units digit of n?
1
Suppose i = -i. Suppose i*d + d = 4*f + 7, -5*d - 3*f + 35 = 0. Suppose 3*u - d = 20. What is the units digit of u?
9
What is the units digit of (6/(-4))/(1/(-6))?
9
Let o = 641 - 433. What is the units digit of o?
8
Suppose 0 = b + 2. What is the units digit of (-1 + 6)/(b/(-2))?
5
Let h(v) = v**3 - 7*v**2 - 2*v + 1. Let p be h(7). Suppose s - 89 = -4*w, 2*s + s - 57 = -2*w. Let z = p + w. What is the units digit of z?
8
Let k = 11 + -10. Let z(b) = 20*b**3 + 1. What is the units digit of z(k)?
1
Let t(i) = 2*i**3 - 2*i**2 + i. Suppose -2*v - 1 + 3 = 0. Let o be t(v). Let j(n) = 5*n**2 - n. What is the units digit of j(o)?
4
Suppose 0 = 2*w - 10 - 26. Let r(g) = 2*g - 6. Let b be r(4). Let p = w - b. What is the tens digit of p?
1
Let q be 8*-3*2/(-12). Suppose -10 = -q*p + 6. Let z(y) = y**2 - 3*y - 1. What is the units digit of z(p)?
3
Let v(c) = -2*c - 4. Let n be v(-4). Suppose 17 = -n*t - 7. Let y = t - -12. What is the units digit of y?
6
Let x(q) = q + 4. Let o be x(0). Suppose -2*c = -0*c - o. Suppose -3*k = -5*k + 4, -2*j + 14 = -c*k. What is the units digit of j?
9
Suppose -t + 158 = 4*u, 3*t - 3*u - 637 + 208 = 0. What is the units digit of t?
6
Let c(x) be the second derivative of 5*x**4/12 + x**2 + 3*x. What is the units digit of c(2)?
2
Suppose -5*w - 79 - 86 = 0. Let c = w - -57. What is the units digit of c?
4
Let m(k) = 2*k**3 - 10*k**2 + 14*k + 1. What is the units digit of m(6)?
7
Suppose 0 = 2*h + k + 5, 5 = -5*h - k - 0. Suppose h = -5*b + 20. What is the units digit of b?
4
Suppose 5 - 1 = u. Let l be (2/u*16)/1. Suppose -3*t = -l*t + 45. What is the units digit of t?
9
Suppose 4*x = 3*d - 100 - 73, -4*d = -2*x - 224. What is the units digit of d?
5
Suppose 115 = 6*a - 593. What is the hundreds digit of a?
1
Let p be (54/1)/(-2 - -1). What is the units digit of 10/(3/(p/(-4)))?
5
Let z(t) be the second derivative of -3*t**5/4 - t**2/2 - t. What is the tens digit of z(-1)?
1
What is the units digit of (13572/30)/6 + (-3)/(-5)?
6
Suppose 5*y - 43 - 57 = 0. What is the tens digit of y?
2
Suppose 10 - 2 = 2*b. What is the units digit of 24/b + 2/2?
7
Let w(u) = -u + 2. Let s be w(-2). Let m = -1 + s. Suppose -t - 2 = -m. What is the units digit of t?
1
Suppose 5*o = 3*f - 25, f + 3*o + 10 + 5 = 0. Suppose 6 = j - f*j. What is the units digit of j?
6
Suppose -2*k - 4 = 130. Let o = k + 112. Suppose 3*u + o = 8*u. What is the units digit of u?
9
Let u be 0 - ((-3)/3 + 0). What is the units digit of (-54)/(-8) + u/4?
7
Suppose 4*x = -2*g + 128, 3*g + x = -x + 172. Suppose 0 = 4*j - g - 34. What is the units digit of j?
2
Suppose 5*m = 74 + 31. What is the tens digit of m?
2
Let f be (-3 + -5)/(2/(-8)). Suppose 5*u - 2*g - 261 = 0, -3*g + f = -2*u + 132. What is the units digit of u?
3
Let y(u) = u**3 - 7*u**2 + 6*u - 3. Let t be y(6). Let n = 10 + t. What is the units digit of n?
7
Suppose 0 = -5*g + 3*q + 59, 0 = -5*q - 10 - 5. What is the units digit of 4/(-6)*(-165)/g?
1
Let w = 10 + -6. Let d(a) = -2*a**2 - 14*a + 8*a + 1 + 4*a**2. What is the units digit of d(w)?
9
What is the units digit of 113 - -9*(-1)/3?
0
Let t(r) be the first derivative of -r**2/2 - 2*r + 2. Let h = -9 - -5. What is the units digit of t(h)?
2
Let h(l) = 3*l + 1. Suppose 4*r = 0, -4*c + 8 = 2*r - 3*r. Suppose -8 = -p - 2*d + 3*d, -24 = -4*p + c*d. What is the units digit of h(p)?
3
Suppose 0 = -3*a - 4*t + 100, 2*t - 3*t - 125 = -3*a. What is the units digit of a?
0
Let h(a) = a**2 + 3*a - 5. What is the tens digit of h(-8)?
3
Let v = 9 + -5. Suppose 2*k + 36 = 4*p, 0 = 6*k - v*k - 4. What is the units digit of p?
0
Let j(u) = -35*u - 1. Let y be j(-1). Let f = -24 + y. What is the tens digit of f?
1
Let a(s) = -s**3 + 7*s**2 - 6*s + 1. Let v be a(6). What is the units digit of (v/3)/((-1)/(-3))?
1
Suppose t = -2, -188 = -3*f + 3*t + t. What is the tens digit of f?
6
Let n(b) = -b**2 + 11*b + 5. Let g be n(5). Suppose 0 = 4*y - g - 45. Suppose -y = 5*s, -r - r - 3*s + 2 = 0. What is the units digit of r?
7
Let d = 78 + -55. What is the units digit of d?
3
Suppose -p = -2*a - 215 + 29, -2*a + 954 = 5*p. What is the tens digit of p?
9
Let k(v) be the third derivative of v**6/120 + v**5/10 + v**4/12 + v**3/3 - 2*v**2. Let h be k(-4). Let y = h - 13. What is the tens digit of y?
1
Let d(z) = z**2 - 8*z + 8. Let g = 0 - 0. Suppose -5*r - 2*h + 27 = g, -2 - 2 = h. What is the units digit of d(r)?
1
Let m(j) = j**3 + 10*j**2 + 7*j - 11. What is the units digit of m(-9)?
7
Let y(i) = i**3 - 6*i**2 + 6*i + 1. Suppose 33 = 3*k - 5*u, -4*k + 9*k = -u + 27. Let p = k + -1. What i